{"id":1149,"date":"2024-10-01T01:56:37","date_gmt":"2024-10-01T04:56:37","guid":{"rendered":"https:\/\/radiomundial.com.br\/?page_id=1149"},"modified":"2024-10-01T01:56:37","modified_gmt":"2024-10-01T04:56:37","slug":"ao-vivo","status":"publish","type":"page","link":"https:\/\/clube.cloud\/?page_id=1149","title":{"rendered":"Manifesto"},"content":{"rendered":"\n<h2 class=\"wp-block-heading\"><\/h2>\n\n\n\n<figure class=\"wp-block-image size-full is-resized\"><img decoding=\"async\" src=\"https:\/\/radioguairaca.com.br\/wp-content\/uploads\/2026\/01\/O.png\" alt=\"\" class=\"wp-image-1766\" style=\"width:826px;height:auto\"\/><\/figure>\n\n\n\n<p>Toda hist\u00f3ria tem um come\u00e7o. Mas poucas chegam ao fim com sentido.<\/p>\n\n\n\n<p>A <strong>REDE \u03a9<\/strong> nasce para ocupar esse lugar. O ponto final que organiza o fluxo. A s\u00edntese em meio ao ru\u00eddo.<\/p>\n\n\n\n<p>Vivemos a era do excesso: excesso de opini\u00e3o, excesso de velocidade, excesso de vers\u00f5es. Mas informa\u00e7\u00e3o de verdade n\u00e3o \u00e9 barulho. \u00c9 crit\u00e9rio. \u00c9 responsabilidade. \u00c9 contexto.<\/p>\n\n\n\n<p>A <strong>REDE \u03a9<\/strong> acredita que comunicar \u00e9 mais do que transmitir. \u00c9 compreender. \u00c9 conectar. \u00c9 fechar ciclos.<\/p>\n\n\n\n<p>N\u00e3o herdamos audi\u00eancia. N\u00e3o reproduzimos f\u00f3rmulas. N\u00e3o existimos para repetir.<\/p>\n\n\n\n<p>Existimos para <strong>dar sentido<\/strong>.<\/p>\n\n\n\n<p>Somos digitais por natureza. Multiplataforma por escolha. Independentes por convic\u00e7\u00e3o.<\/p>\n\n\n\n<p>Aqui, o conte\u00fado nasce do rigor, passa pela escuta, cruza o debate<\/p>\n\n\n\n<p>\u2014 e chega ao p\u00fablico completo.<\/p>\n\n\n\n<p>A letra <strong>\u03a9<\/strong>, \u00faltima do alfabeto grego, n\u00e3o representa o fim. Representa a conclus\u00e3o.<\/p>\n\n\n\n<p>O momento em que a informa\u00e7\u00e3o deixa de ser fragmento para se tornar compreens\u00e3o.<\/p>\n\n\n\n<p>A <strong>REDE \u03a9<\/strong> \u00e9 portal. \u00c9 voz. \u00c9 transmiss\u00e3o. \u00c9 rede viva.<\/p>\n\n\n\n<p>Sem pressa. Sem improviso. Com prop\u00f3sito.<\/p>\n\n\n\n<p>Porque informar n\u00e3o \u00e9 correr. \u00c9 chegar.<\/p>\n\n\n\n<p><strong>REDE \u03a9<\/strong>: Em rede, com o Brasil.<\/p>\n\n\n\n<p><\/p>\n\n\n\n<p><\/p>\n","protected":false},"excerpt":{"rendered":"<p>Toda hist\u00f3ria tem um come\u00e7o. Mas poucas chegam ao fim com sentido. A REDE \u03a9 nasce para ocupar esse lugar. [&hellip;]<\/p>\n","protected":false},"author":1,"featured_media":0,"parent":0,"menu_order":0,"comment_status":"closed","ping_status":"closed","template":"","meta":{"site-sidebar-layout":"default","site-content-layout":"","ast-site-content-layout":"default","site-content-style":"default","site-sidebar-style":"default","ast-global-header-display":"","ast-banner-title-visibility":"","ast-main-header-display":"","ast-hfb-above-header-display":"","ast-hfb-below-header-display":"","ast-hfb-mobile-header-display":"","site-post-title":"","ast-breadcrumbs-content":"","ast-featured-img":"","footer-sml-layout":"","ast-disable-related-posts":"","theme-transparent-header-meta":"","adv-header-id-meta":"","stick-header-meta":"","header-above-stick-meta":"","header-main-stick-meta":"","header-below-stick-meta":"","astra-migrate-meta-layouts":"default","ast-page-background-enabled":"default","ast-page-background-meta":{"desktop":{"background-color":"var(--ast-global-color-5)","background-image":"","background-repeat":"repeat","background-position":"center center","background-size":"auto","background-attachment":"scroll","background-type":"","background-media":"","overlay-type":"","overlay-color":"","overlay-opacity":"","overlay-gradient":""},"tablet":{"background-color":"","background-image":"","background-repeat":"repeat","background-position":"center center","background-size":"auto","background-attachment":"scroll","background-type":"","background-media":"","overlay-type":"","overlay-color":"","overlay-opacity":"","overlay-gradient":""},"mobile":{"background-color":"","background-image":"","background-repeat":"repeat","background-position":"center center","background-size":"auto","background-attachment":"scroll","background-type":"","background-media":"","overlay-type":"","overlay-color":"","overlay-opacity":"","overlay-gradient":""}},"ast-content-background-meta":{"desktop":{"background-color":"var(--ast-global-color-4)","background-image":"","background-repeat":"repeat","background-position":"center center","background-size":"auto","background-attachment":"scroll","background-type":"","background-media":"","overlay-type":"","overlay-color":"","overlay-opacity":"","overlay-gradient":""},"tablet":{"background-color":"var(--ast-global-color-4)","background-image":"","background-repeat":"repeat","background-position":"center center","background-size":"auto","background-attachment":"scroll","background-type":"","background-media":"","overlay-type":"","overlay-color":"","overlay-opacity":"","overlay-gradient":""},"mobile":{"background-color":"var(--ast-global-color-4)","background-image":"","background-repeat":"repeat","background-position":"center center","background-size":"auto","background-attachment":"scroll","background-type":"","background-media":"","overlay-type":"","overlay-color":"","overlay-opacity":"","overlay-gradient":""}},"footnotes":""},"class_list":["post-1149","page","type-page","status-publish","hentry"],"_links":{"self":[{"href":"https:\/\/clube.cloud\/index.php?rest_route=\/wp\/v2\/pages\/1149","targetHints":{"allow":["GET"]}}],"collection":[{"href":"https:\/\/clube.cloud\/index.php?rest_route=\/wp\/v2\/pages"}],"about":[{"href":"https:\/\/clube.cloud\/index.php?rest_route=\/wp\/v2\/types\/page"}],"author":[{"embeddable":true,"href":"https:\/\/clube.cloud\/index.php?rest_route=\/wp\/v2\/users\/1"}],"replies":[{"embeddable":true,"href":"https:\/\/clube.cloud\/index.php?rest_route=%2Fwp%2Fv2%2Fcomments&post=1149"}],"version-history":[{"count":0,"href":"https:\/\/clube.cloud\/index.php?rest_route=\/wp\/v2\/pages\/1149\/revisions"}],"wp:attachment":[{"href":"https:\/\/clube.cloud\/index.php?rest_route=%2Fwp%2Fv2%2Fmedia&parent=1149"}],"curies":[{"name":"wp","href":"https:\/\/api.w.org\/{rel}","templated":true}]}}